 j = 52 + -79. Let f = j - -69. What is the tens digit of f?
4
Suppose 2*w = w + 4. What is the units digit of (18/w)/(4/8)?
9
Suppose 0 = 4*h - h + 21. Let f(n) = 2*n**2 + 9*n + 10. Let d be f(h). Suppose d = 4*j + j. What is the units digit of j?
9
Let l = 80 + -38. Suppose -4*z + l = -2*z. Suppose 0 = 2*j + j - z. What is the units digit of j?
7
Let b(u) = 4 + 4*u + 0*u - 7*u. Let a(j) = -1. Let w(c) = 12*a(c) + 3*b(c). What is the units digit of w(-1)?
9
Suppose -5*t = 3*i + i - 13, 4 = i + 2*t. Suppose -132 = -4*h + 5*c, -2*c - 2*c + 40 = i*h. What is the tens digit of h?
2
Let d = -15 + 52. What is the units digit of d?
7
Suppose -5*r - 42 + 150 = n, -4*r - 5*n = -78. What is the units digit of r?
2
Let k = 54 - 38. What is the units digit of k?
6
What is the tens digit of -1*66/(1 - 3)?
3
Let l = 306 - 29. What is the tens digit of l?
7
What is the tens digit of ((-40)/(-3))/(1/3)?
4
Let c = -2 + -2. What is the units digit of ((-21)/(-12))/(c/(-32))?
4
Let j = -12 - -17. Let r(d) = d. Let y(v) = -12*v + 2. Let o(p) = -10*r(p) - y(p). What is the units digit of o(j)?
8
Suppose o - 35 = 50. What is the tens digit of o?
8
Let d be ((-4)/(-7))/((-2)/(-7)). Suppose -4*s = -5*q + 51, s + 1 = d*s. What is the tens digit of q?
1
Let r be 2/5 - 18/(-5). Suppose q - 11 - 7 = -3*b, -r*b + 5*q + 24 = 0. What is the units digit of b?
6
Let f = 21 + -10. Let w(c) = c**2 - 10*c - 7. What is the units digit of w(f)?
4
Let f(q) = -7*q - q + 5 + 5*q + 2*q. What is the units digit of f(-7)?
2
Let d(t) = 2*t**3 - 4*t**2 + 2*t. Let i be d(3). Let s = i + -17. What is the units digit of s?
7
Suppose 60 - 157 = -4*r - u, 5*r - 3*u - 117 = 0. Suppose -2*n + 3*n - 5*z + r = 0, n + 21 = 4*z. Let w = -3 - n. What is the units digit of w?
6
Suppose -8 + 4 = d. Let a = 15 + d. What is the units digit of a?
1
Let k = -1 - 0. Let w be (k + 0)*(-3 - -6). Let n(c) = c**2 + 2*c + 1. What is the units digit of n(w)?
4
Let z(a) = a**3 - 2*a**2 - 2*a - 4. Let j be z(4). What is the units digit of (-2)/(-4)*(j + 2)?
1
Suppose 0*t = -t. Suppose -4*n + 32 = c, -c + 4*n - 2 - 6 = t. What is the tens digit of c?
1
Let j = 37 + -17. Suppose 3*a = y - 0*y, 0 = 5*a - j. What is the tens digit of y?
1
Let f(x) = x**2 - 2*x + 30. What is the hundreds digit of f(-9)?
1
Let p(u) = u. Let y be p(-6). Let d = y - -9. What is the units digit of d?
3
Suppose 3*n + 15 = -15. What is the tens digit of (-126)/(-4) + 5/n?
3
Let d be ((-27)/12)/(3/(-184)). Let r = d + -76. Suppose 2 = -5*v + r. What is the tens digit of v?
1
What is the units digit of 2/3*(3/2 + 3)?
3
Let m(d) = -4*d + 4. Let a(y) = y - 1. Let h(j) = 8*a(j) + m(j). Let f(t) = t**2 - t - 3. Let c be f(3). What is the units digit of h(c)?
8
Let n(v) = -v**2 - 18. Let p be n(0). Let i = -7 - p. What is the units digit of i?
1
Let y be 1/(-3 + 2) - -5. Suppose g + y*g = 85. What is the units digit of g?
7
Let s be 0*(-4)/(-16) + -120. What is the tens digit of 18/(-15)*s/9?
1
Let l(i) = 6*i + 49. What is the units digit of l(-8)?
1
Let m = -11 + 20. What is the units digit of m?
9
Let n(o) = -o**3 + 7*o**2 + 2*o - 6. Let a be n(7). What is the units digit of (-3)/(-2)*a/3?
4
Suppose 109 = -5*v + u + 499, -328 = -4*v + 4*u. Let s = -11 - v. What is the units digit of 2/4*s/(-4)?
1
Let h = -1 - -1. Let v(m) = m**3 + 13*m**2 + 12*m + 6. Let f be v(-12). Suppose 2*o + h - f = 0. What is the units digit of o?
3
Let c = -59 + 108. What is the tens digit of c?
4
Let w(z) = z**3 + 15*z**2 + 10*z. What is the hundreds digit of w(-11)?
3
Suppose 4*a + 3*n - 120 = -n, 123 = 4*a + 5*n. What is the units digit of a?
7
Let s(y) = -8*y - 1. Suppose 7*u - 4*u = -3. What is the units digit of s(u)?
7
Suppose 6 = 3*h - h. Suppose k = t + 5, 0 = -h*t + 6*t + 5*k - 9. What is the units digit of t*-1*1/2?
1
Let r(q) = -q**2 + 2. Let i be r(0). Suppose b - 3 + 2 = 0. Let p = i + b. What is the units digit of p?
3
Let f be ((-2)/5)/(3/(-15)). Let x = f - -1. What is the units digit of x?
3
Let r = 17 - -146. What is the units digit of r?
3
Suppose -3*h + 4*z = -34, -5*h + 15 + 38 = -3*z. What is the tens digit of h?
1
Suppose 0 = 5*p + 2*j + 7 - 241, 0 = -p + 5*j + 63. What is the tens digit of p?
4
Let k(r) = -r**3 + 3*r**2 + 3*r - 1. Let z be k(3). Let n be 94/z + 4/16. Suppose -n = -4*o + 4. What is the units digit of o?
4
Let j be (1 - -1*54) + 2. Suppose 15 = -3*k + j. What is the units digit of k?
4
Let c(t) = -3*t**2 - 15*t + 20. Let l(a) = -2*a**2 - 7*a + 10. Let q(h) = 3*c(h) - 5*l(h). Let u be 7 - (2 + -2 + -2). What is the units digit of q(u)?
1
Let x(n) = -16*n - 12. What is the units digit of x(-4)?
2
Suppose 0 = -p + 3*v + 83 + 305, -p + 5*v + 390 = 0. What is the tens digit of p?
8
Let p = 124 - 78. What is the units digit of p?
6
Let p be 1 + 2*(-1 + -3). Let k = p + 3. What is the tens digit of (13/(-2))/(2/k)?
1
Let n(f) = f**3 + 11*f**2 - 4*f - 15. What is the tens digit of n(-11)?
2
Let s(x) = x**2 - 3*x - 7. Let r be s(5). Let f be (r - -3)/((-9)/(-78)). Let j = f - 35. What is the units digit of j?
7
Suppose -d - 55 = -2*i, -5*d = i - 20 - 13. Suppose -3*f + 3*t + 0*t = -18, 4*f - 5*t - i = 0. What is the units digit of f?
2
Let a(b) = b**2 + 7*b + 24. What is the units digit of a(-8)?
2
Let t(m) = -m + 2. Let l = -7 + 4. What is the units digit of t(l)?
5
What is the tens digit of (-2)/(-6) - (-249)/9?
2
Let i(k) = -k**2 - 7*k + 3. Let v be i(-7). Let p = v + 3. What is the units digit of p?
6
Let x(d) = 2*d + 8. Let t be x(-6). Let f(u) = u**3 + 6*u**2 + 6*u. Let l be f(t). Let h = l - 2. What is the units digit of h?
6
Let w = -25 - -126. Suppose 5*t - w = 14. What is the tens digit of t?
2
Let h(k) = k**2 - 3*k + 2. Let s be h(5). What is the units digit of s/7*(-3 + 17)?
4
Suppose -5 = 5*j - 4*o, 3 = -2*j - 3*o + 24. Suppose n = j*n - 8. What is the units digit of n?
4
Suppose -2*f = -12 - 16. Let o = f - 6. What is the units digit of o?
8
Suppose -6*r + 140 = -2*r. Suppose -4*j - 2*y = 3*y - r, 5*j + 4*y = 46. Let q(a) = a - 9. What is the units digit of q(j)?
1
What is the units digit of 1/(-4) - (-106)/8?
3
Let j(c) = 4*c - 3*c**3 - 2*c - 1 - c**3. Let i be j(-2). Suppose -5*q = x - i, 2*x - 11 + 2 = -q. What is the units digit of q?
5
Let j(u) = -87*u - 7. What is the units digit of j(-1)?
0
Let w(x) = -x + 3. Let q be w(0). What is the units digit of 16/q*(-18)/(-8)?
2
Let a(g) = -g**2 + 8*g - 7. Let f(v) = v + 5. Let w be f(0). What is the units digit of a(w)?
8
Let c(v) = -v**3 - v - 1. Let w be c(-2). What is the units digit of 1 + 3*12/w?
5
Let z(a) = -a**3 + 2*a**2 - 2*a + 1. Let k be z(1). What is the units digit of 1/((-1)/(-2)) + k?
2
What is the units digit of (45/(-10))/(4/(-8))?
9
Let i = -112 + 159. What is the units digit of i?
7
Suppose 2*d = -2*g + 10, -5*d + 4 = -2*g - 7. Suppose 0 = -0*s - g*s - 26. Let x = 19 + s. What is the units digit of x?
6
Let d(r) = -r**3 + 9*r**2 + r - 3. Let p be (-3 - -5)/(4/34). Let n = p + -8. What is the units digit of d(n)?
6
Let j(c) be the first derivative of -c**4/4 + c**2/2 + c - 3. What is the units digit of j(0)?
1
Let s = 13 + -4. Let l(a) = -a**3 + 8*a**2 + 9*a + 5. Let z be l(s). What is the tens digit of (-1 - -2)/(z/55)?
1
Let a(o) = 3 + o**3 + 28*o**2 - o - 28*o**2. Let l be a(-3). Let m = -10 - l. What is the tens digit of m?
1
Suppose i + 3*g = -2*i + 159, 2*i - 121 = 3*g. What is the units digit of i?
6
Let b(u) = 4*u**3 - u**2 + 3*u + 2. Let p = -5 - -3. Let l be b(p). What is the units digit of 1 - 0 - l/4?
1
Let s = -10 + 22. Let b(t) = 2*t - 3. Let i be b(4). What is the units digit of (s/10)/(2/i)?
3
Let u = 11 + -2. Suppose 5*a + u + 8 = x, 5*x = -5*a + 55. What is the tens digit of x?
1
Let a(x) = x + x - 25 + 26. Suppose 2*n = 6*n - 8. What is the units digit of a(n)?
5
Let y(m) = -2*m + 7. What is the tens digit of y(-13)?
3
Let z be (-20)/(-11) - 2/(-11). Let a be z/8 - 2/8. Suppose 2*k + 3*d - 7 = a, 0 = k + 4*k - 4*d - 6. What is the units digit of k?
2
Let t = -1 - -3. Let n be 1/(-1)*t*-1. Suppose -q + 2*q = n. What is the units digit of q?
2
Suppose -2*v + 3 = n - 3*v, -2*v - 2 = -n. Suppose -z - 72 = -n*z. What is the units digit of z?
4
Let m be (1 - 4)*(-4)/(-6). Let c(k) = -5*k**2 - 3*k. Let g be c(m). What is the units digit of 2/10 